32 = 3*y, 3*y + 4*g = -y - 56. What is the hundreds digit of p(y)?
7
Let r be 37*(-7)/(-49) + 2/(-7). Suppose r*h = -2*v + 6763, 2*h - 1627 = -5*v + 1095. What is the tens digit of h?
5
Suppose -230984 = -106*i + 80*i. What is the units digit of i?
4
Suppose 39*i = -6*i + 469839 + 151701. What is the thousands digit of i?
3
Let o be -1*(1437/12 - (-8)/32). Let t(h) = -2*h - 9. Let u be t(-7). What is the tens digit of (36/u)/((-9)/o)?
9
Let q = 39752 - 16188. What is the hundreds digit of 5 - q/(-28) - 16/28?
8
Let g = -748 - -382. Let a = g - -512. What is the tens digit of a?
4
Let z = 11094 - 529. What is the tens digit of z?
6
Let i(h) = 2*h. Let x be i(0). Suppose 8*j + j - 2799 = x. What is the hundreds digit of j?
3
Suppose 3 + 1 = 2*i. Suppose 24 + 36 = -u + 3*t, 248 = -5*u + 2*t. What is the tens digit of -4 + i - -1 - u?
4
Let y(v) be the second derivative of v**5/10 + v**4/12 + v**3/3 + 21*v**2 + 8*v. Let m be -2 + ((-3)/3 - 2) + 5. What is the tens digit of y(m)?
4
Let s = 183 - 285. Let r = s + 267. What is the units digit of r?
5
Suppose -24*r + 9*r = 6*r - 466389. What is the units digit of r?
9
Let k be -1 + (-253)/(-15) + (-6)/(-45). Suppose k*p - 7015 + 7 = 0. What is the tens digit of p?
3
Let s = 66 - 62. Suppose 5*g - 374 = 451. Suppose -l + p - 33 = -2*l, g = 5*l + s*p. What is the tens digit of l?
3
Let v = -460 + 3940. Let j = -2212 + v. What is the units digit of j?
8
Let l be (-8)/10*10/(-4). Suppose 0 = -49*i + 48*i + l. Suppose 5*v = -4*b + 8*b + 789, i*b = 2*v - 314. What is the tens digit of v?
6
Let u be -2 + (-7)/(-2)*(-8)/(-14). Suppose -2*l - 2*l + 356 = u. Let i = -42 + l. What is the units digit of i?
7
Let r = -5 + 26. Let w(d) = 5*d - 46. Let g be w(r). Suppose -z + 47 = 5*q, -6*z + g = -4*z + 3*q. What is the units digit of z?
2
Let u(o) = 4*o**2 + 175*o - 35. Let x be u(-45). What is the thousands digit of (10 + x/(-20))*(2095 + -1)?
1
Let q(a) be the third derivative of a**5/30 - 5*a**4/8 + 37*a**3/6 + 3*a**2. What is the hundreds digit of q(-18)?
9
Suppose -1848*p + 1853*p - m = 12039, m - 4810 = -2*p. What is the hundreds digit of p?
4
Suppose 35*f + 25*f + 337995 - 1659195 = 0. What is the tens digit of f?
2
Suppose 4*j - 2*j = 5*f - 104, -60 = -3*f + 2*j. Let d = f - 31. What is the tens digit of (0 + (-21)/d)/(6/234)?
9
Let l(z) = -11*z**2 + 5*z - 3. Let c be l(3). Let s be (-1 - 7)*(-12 + -15). Let t = c + s. What is the tens digit of t?
2
Suppose 22299 = 12*p - 47925. What is the hundreds digit of p?
8
Suppose -5*f - 9540 = -a, 20643 + 8037 = 3*a - 3*f. What is the hundreds digit of a?
5
Suppose 4*f + 3*n - 2876 = 2*n, 0 = 2*f + 4*n - 1452. Let j = -1483 + f. What is the tens digit of j/(-21) - 8/(-14)?
3
Let r = -11 + 1. Let o(j) = -33 - 20175*j - 20176*j + 40347*j. What is the units digit of o(r)?
7
Let w(f) = 511*f**2 - 67*f + 633. What is the tens digit of w(7)?
0
Suppose 0 = 22*x - 20*x - 24. Suppose -14*c = -x*c + 2*o - 2494, 1262 = c + 4*o. What is the thousands digit of c?
1
Let f(k) = 2*k**3 + 5*k**2 - 3*k. Suppose 8 = -5*i - 7. Let y be f(i). Suppose 2*s + 2*s - 60 = y. What is the units digit of s?
5
Let o(j) = 20*j**2 - 5*j + 5. Let s be o(4). Let k = -81 - s. What is the tens digit of k/(-4) - (-2)/4?
9
Let a = -35 - -48. Let c(k) = -k**3 + 14*k**2 - 11*k - 18. Let q be c(a). What is the units digit of 1/(-2) + (-118)/q*-2?
9
Let m = 29092 + -14144. What is the ten thousands digit of m?
1
Let m be ((-70)/4 - -5)*-86. What is the hundreds digit of ((-21)/(-14))/((-3)/(1 - m))?
5
Let k = 16194 + 19634. What is the units digit of k?
8
Let o(r) = -r**3 - 11*r**2 - 43*r + 30. Let j be o(-17). Suppose 15*b - 10*b - j = 0. What is the units digit of b?
9
Let x(m) = 21*m**2 - 692*m + 228. What is the thousands digit of x(48)?
5
Suppose -12696 = -3*y - 5*m, -123 = 2*m - 111. What is the tens digit of y?
4
Suppose 5*d = -x - 4*d + 24579 - 878, -4*d = 0. What is the tens digit of x?
0
Let o be -11*(-3)/132 + 6497/(-4). Let q = -818 - o. What is the hundreds digit of q?
8
Suppose -11*r + 15755 = -20666. Suppose 4*j - 5*w = 6*j - 2179, w = 3*j - r. What is the tens digit of j?
0
Suppose 194*f + 15539 = 187*f + 107631. What is the units digit of f?
6
Let g(d) = -62*d - 2. Let z be g(2). Let r = 260 + z. What is the units digit of r?
4
Suppose -3*r + 38390 = -2*p, 1270 - 14060 = -r + 4*p. What is the ten thousands digit of r?
1
Let u(k) = k**2 + 6*k + 12. Let s be u(-5). Suppose s*b - 3*b = -x + 6, -2*x + b + 30 = 0. Let j = x - 4. What is the tens digit of j?
1
Let y(c) = -3*c + 172. Let z be y(43). Suppose -19151 + 56733 = z*d. What is the tens digit of d?
7
Suppose 34*v = -58*v + 20608. Let j(z) = -3*z**3 - z**2 + 3*z - 7. Let q be j(-5). Let r = q - v. What is the hundreds digit of r?
1
Suppose 11*r - 8*r - 2*n - 92 = 0, 5*n - 115 = -4*r. Suppose -23*f = -r*f + 840. What is the tens digit of f?
2
Suppose 0 = n - 3*n + 8. Let m = -637 - -646. Suppose 2*t = 3*o - 117, m = -n*t + t. What is the tens digit of o?
3
Suppose -4*f - j + 17901 = 0, -5*f + 4068 + 18310 = 3*j. What is the thousands digit of f?
4
Suppose -1979*k = -1981*k + 23398. What is the hundreds digit of k?
6
What is the thousands digit of (-165)/(-2)*(1859/55 - 13)?
1
What is the thousands digit of (28/15)/(1/5)*3291084/651?
7
Let g = 250 - -16. Suppose 196 = 3*t + 5*n - 75, 113 = t - 4*n. Let l = g - t. What is the units digit of l?
9
Suppose -5*a - 2*m = -20644 - 22886, -4*a - 4*m + 34812 = 0. What is the thousands digit of a?
8
Suppose 5*z + 10 - 9 = 4*n, 0 = 3*z + 2*n - 17. Suppose -318 = -3*l + 2*j, -z*j - 18 = l - 124. What is the units digit of l?
6
Suppose 0 = 2*b + 3*v - 9, 34 = 5*b - 75*v + 71*v. Suppose 4*g - 2150 = -b*r + 4*r, 2*g + 4*r - 1078 = 0. What is the hundreds digit of g?
5
Suppose -166*d - 123*d + 290781 - 45709 = 0. What is the hundreds digit of d?
8
Suppose 10 = 5*y, 1234 - 5749 = -3*h - 3*y. What is the units digit of h?
3
Suppose 11 = 5*l + 1. Suppose v - 13 = -l*w, 0*w = -2*w + 3*v + 1. Suppose -97 - 138 = -w*p. What is the tens digit of p?
4
Suppose -192*u + 336*u + 129936 = 168*u. What is the hundreds digit of u?
4
Let s be 3/(-2 - -3) + (-7 - -2). Let b be 1/(4/(-8)) + 0 - s. Suppose b = 23*u - 21*u - 34. What is the tens digit of u?
1
Suppose 0 = 3*l + 223*z - 226*z - 140784, 0 = 5*z - 35. What is the hundreds digit of l?
9
Let y = -768 - -766. What is the hundreds digit of 574 + (y - -5)*(4 + -5)?
5
Let g(d) = -34*d - 1058. What is the thousands digit of g(-66)?
1
Let z = 256 + -270. What is the hundreds digit of ((-3 - 81) + 6)/(3/z)?
3
Let t = 149718 - 78457. What is the ten thousands digit of t?
7
Let m = -193 + 618. Let o = -251 + m. What is the hundreds digit of o?
1
Suppose -2903868 = -160*c - 1834326 + 3246458. What is the ten thousands digit of c?
2
Let b(w) = -4345*w + 66. Let y be b(-3). Suppose -y + 591 = -9*t. What is the thousands digit of t?
1
Suppose 0 = -v + 4*p - 1041, 8*v = 10*v + 4*p + 2058. Let x = 219 - v. What is the thousands digit of x?
1
Let z(y) = y**3 - 15*y**2 - 3*y - 2. Let p = 17 - 2. Let b be z(p). What is the units digit of 7 + -7 - (b - 0)?
7
Let k = -33 - -527. Let l = 715 + k. What is the hundreds digit of l?
2
Suppose -137 = -3*x - 2*g, 4*g - 5 = -4*x + 175. What is the units digit of x*5*-8*3/(-30)?
8
Let a = 190 - -268. Let g = a + -311. What is the tens digit of g?
4
Suppose -5*i + 3*k - 367 = 0, 2*i - 4*i - 130 = 3*k. Let d = -70 - i. What is the units digit of (1 + 2 - -95)/d?
8
Suppose 2*j - 4*v = -6, 16 = 5*j + 2*v - 17. Suppose -5*s + 2*d = -3*s - 16, -d + 28 = j*s. Let i(b) = 29*b - 65. What is the tens digit of i(s)?
0
Let j be (20/(-6) + -1)/((-1)/3). Suppose 8 + 18 = j*q. Let m(u) = 112*u - 8. What is the units digit of m(q)?
6
Suppose -4*x = -4*m - 16, 13 - 1 = 5*m + 3*x. Suppose 2*j - 23 + 13 = m. Suppose -20 = -5*a, -4*a - 74 = -f - j*a. What is the units digit of f?
0
Let p(f) = -3*f**2 - 13*f + 308. Let n be p(10). Let k(y) = 5*y**2 - 4*y - 3. Let d be k(-6). Let m = n + d. What is the tens digit of m?
7
Let r(s) = 3*s**3 + s**2 - 4*s + 2. Let d be r(3). Let g = 55 - d. What is the tens digit of (g/4)/(4/(-96))?
5
Suppose a - c = 33692, -39*c - 67390 = -2*a - 35*c. What is the hundreds digit of a?
6
Let o(c) = 47*c**3 - 3*c**2 - 2*c. Let l be o